mainder when 32 is divided by c?
10
Suppose 411 + 201 = 6*k. What is the remainder when k is divided by 35?
32
Suppose d - 6*d + 90 = 0. What is the remainder when 29 is divided by d?
11
Suppose -3*w = 5*i - 38, -w - 4*i = 2*w - 37. Let l(f) = -4 + 6*f**2 + f**2 - 6*f**2 + 2*f. What is the remainder when l(-7) is divided by w?
9
Let i = 81 - 24. What is the remainder when i is divided by 10?
7
Let k(b) = 7*b + 8. Let x(l) = -7*l - 7. Let r(u) = -6*k(u) - 7*x(u). What is the remainder when 43 is divided by r(2)?
13
What is the remainder when 17 is divided by (4/(-2) - -1 - -4)*3?
8
Let o(f) = -f - 2. Let a(q) = q**2 - 5. Let k be a(0). What is the remainder when 10 is divided by o(k)?
1
Suppose 4*l - 1 = -3*j - 6, 0 = -2*l - 4*j. Calculate the remainder when l*1 - 140/(-5) is divided by 14.
12
Let g = 3 - 1. Suppose 4 = c - 5*c, -g*z + 34 = -2*c. Let v = -16 - -62. Calculate the remainder when v is divided by z.
14
Let l = 41 + -19. Let g(n) = 21*n + 1. Calculate the remainder when g(3) is divided by l.
20
Let u = -22 + 35. Suppose 0 = 3*n - 7*n + 112. Suppose 5*k + n = 63. Calculate the remainder when u is divided by k.
6
Let z = -3 + 42. Let h(a) = -a**2 - 9*a - 6. What is the remainder when z is divided by h(-4)?
11
Let c(i) = 25*i. What is the remainder when 96 is divided by c(1)?
21
Let j be 2/(-5) - 1194/15. Let x = -52 - j. Let h(y) = -4*y + 2. Calculate the remainder when x is divided by h(-2).
8
What is the remainder when (52 - (1 - -2))*3/3 is divided by 17?
15
Suppose 4*n - k - 8 = 11, 2*k = -n + 16. Suppose 4*f - n*f + 242 = 0. Let a = f - 62. Calculate the remainder when a is divided by 20.
19
Suppose 4*t = t. Suppose t*u = -3*u + 15. Calculate the remainder when 9 is divided by u.
4
Suppose 2*b - 9 = -5. What is the remainder when 4 is divided by b?
0
Suppose -3*o = -4*o + 2. Suppose 34 = 4*w - 2*s, 20 = -o*s - 2*s. What is the remainder when w is divided by 4?
2
Let i = 11 + -7. Suppose 4*b + 180 = i*g, 3*b - 163 = -5*g + 30. What is the remainder when g is divided by 14?
13
Let a(w) = 17*w**2 - 2*w - 1. What is the remainder when a(2) is divided by 17?
12
Let l(d) = 2*d**2 + 3*d. What is the remainder when 59 is divided by l(-4)?
19
Let s = 102 - 41. Calculate the remainder when s is divided by 16.
13
Let s(l) = l**2 + 5*l - 10. Suppose -3*y + 14 + 1 = 5*a, -a + 3 = -2*y. Calculate the remainder when s(-7) is divided by a.
1
Let r(h) = 8*h + 14. What is the remainder when r(7) is divided by 12?
10
Let f = -3 + 5. Suppose f*r + 6 = 0, 3*l = l + 2*r + 10. Suppose 132 = 5*n + l*y - 4*y, 5*n - 4*y - 124 = 0. Calculate the remainder when n is divided by 10.
8
Let z(r) = -11*r + 10. Calculate the remainder when z(-5) is divided by 17.
14
Let h(q) = q**3 - q + 7. Calculate the remainder when 34 is divided by h(0).
6
Suppose 0 = 3*i - 10 - 44. Calculate the remainder when i is divided by 3.
0
Suppose o = -2*j + 12, -14 = -o - 2*j - 2*j. Suppose 4*f - 4*r = -258 - 10, -2*r - 274 = 4*f. Let h = -40 - f. What is the remainder when h is divided by o?
8
Let q = 6 - 4. Suppose 0 = -5*b + 2*b. Suppose 3*z = -5*d - 10, 4*d - 3*z = -b*z + 19. Calculate the remainder when q is divided by d.
0
What is the remainder when -38*(-56)/16*3/7 is divided by (-74)/(-6) - 1/3?
9
Let w(x) = -x. Let y be w(7). Let n = y - -17. What is the remainder when (-6)/9 + 118/6 is divided by n?
9
Let o(a) = a + 2. Let p be o(0). Suppose 0 = -p*m - m + 12. Calculate the remainder when m is divided by 2.
0
Suppose -2*t = -4*v, 2*v - 4*t = -3 - 9. Let n(l) = 8 - l - 6 + 5. Calculate the remainder when n(3) is divided by v.
0
Let l(x) = -x**3 - 9*x**2 - 2*x + 3. Let h = 165 - 104. Calculate the remainder when h is divided by l(-9).
19
Let i be (-1 - 81/(-1)) + -3. Let a = i - 44. What is the remainder when a is divided by 13?
7
Let n be (-17)/68 + 255/(-4). Let v = 105 + n. What is the remainder when v is divided by 21?
20
Suppose -220 - 90 = 5*z. Let q = -43 - z. Calculate the remainder when 35 is divided by q.
16
Suppose 2*t = -3*x + 20, 5*t - 6*x - 31 = -4*x. Calculate the remainder when 19 is divided by t.
5
Calculate the remainder when ((-54)/10)/(3/(-10)) is divided by 6.
0
Let k = -144 - -45. What is the remainder when (3/9)/((-3)/k) is divided by 4?
3
Suppose -5*t + 6*t - 43 = -2*q, 0 = 4*t + 4*q - 160. What is the remainder when t is divided by 13?
11
Let c(h) = -h - 2. Suppose -p - 36 = -5*p. What is the remainder when p is divided by c(-5)?
0
Suppose -q + 0*q + 14 = 0. Let z(l) = 3 + 5*l + 2 + l. What is the remainder when z(6) is divided by q?
13
Let w(k) = 2 + 5*k - k**3 + 2 - 3*k**2 + 2*k**2. Calculate the remainder when ((-4)/6)/(6/(-171)) is divided by w(-3).
5
Suppose 0*n - 2*n + 36 = 0. What is the remainder when 49 is divided by n?
13
Let u = 9 - 18. What is the remainder when (9/(-6))/(u/6) is divided by 1?
0
Suppose -4*o + 35 = 2*z - 91, -5*o + 5*z + 165 = 0. What is the remainder when 127 is divided by o?
31
Calculate the remainder when ((-9)/(-6) - 1)*106 is divided by 11.
9
Suppose w = -w - 12. Calculate the remainder when 31 is divided by (-7 + 1)/(w/16).
15
Let r(l) = 6*l - 4. Calculate the remainder when r(3) is divided by 4.
2
Let q(k) = -k**3 + 7*k**2 + 7. Let h(j) = j**2. Let y(u) = 2*u**2 - 9*u + 1. Let r(o) = -3*h(o) + y(o). Calculate the remainder when q(6) is divided by r(-7).
13
Let o(a) = -9*a - 15. Calculate the remainder when o(-5) is divided by 11.
8
Suppose 0 = 2*q - 0 - 6. Calculate the remainder when q is divided by 0/(-2) - (-2 + -1).
0
Let w = -2 - -6. Let g = 11 - 7. Suppose g*x = 2*x + 6. Calculate the remainder when w is divided by x.
1
Let l = 51 - 23. Let v = -11 + l. Let c(s) = 12*s + 1. What is the remainder when c(4) is divided by v?
15
Let u = 37 + -20. Calculate the remainder when 31 is divided by u.
14
Suppose -1 - 11 = -3*p. Suppose m - 5*s - 17 = 0, -5*s - 10 = -2*m + 14. What is the remainder when m is divided by p?
3
Let x = 117 + -78. Let a = x - 23. Calculate the remainder when 30 is divided by a.
14
Suppose -4*i = 4*i - 1096. What is the remainder when i is divided by 47?
43
Suppose -k + 38 = -4*r, 2*r - 164 = -4*k - 12. What is the remainder when k is divided by 13?
12
Suppose 23*j - 20*j = 75. What is the remainder when j is divided by 13?
12
Suppose 0 = -4*p + z + 75, 0 = 2*p + 3*z - z - 50. What is the remainder when p is divided by 11?
9
What is the remainder when (-36)/(-15)*(4 + -3 - -54) is divided by 19?
18
Suppose 2*h + n = -n + 70, 3*n + 207 = 5*h. What is the remainder when h is divided by 14?
11
Let q = 76 + -33. Calculate the remainder when q is divided by 15.
13
Let s(u) = u**2 - 3*u + 3. Let c be -9 - (-2)/((-6)/(-3)). Let x = c + 11. Calculate the remainder when s(4) is divided by x.
1
Let l(y) = -y + 1. Let o be (2/(-3))/1*3. Let i = -4 - o. Calculate the remainder when 7 is divided by l(i).
1
Suppose -3*z - 3*z + 48 = 0. Calculate the remainder when 17/3 - z/12 is divided by 1.
0
Let p(z) = z**3 - 3*z**2 - 4*z + 10. Let w be p(4). Suppose 10 = -w*o + 12*o. Calculate the remainder when o is divided by 3.
2
Suppose -2*d + 15 = 3*a - 34, 4*d = -3*a + 59. What is the remainder when a is divided by 11?
2
Let i(l) = -l**3 - 4*l**2 + 5*l + 3. Let g be i(-5). Let m = g - -21. Suppose 0 = 2*u - 0*u - m. What is the remainder when 34 is divided by u?
10
Let a(m) = 4*m**2 - 2*m + 1 - 2 + 1. Let p = -7 - -9. Calculate the remainder when 33 is divided by a(p).
9
Suppose g + 2*t = -3*t - 21, 0 = 3*g - 5*t - 17. Let q(u) = 43*u**2 + 1. Suppose 0 = -3*c - 2*c + 75. Calculate the remainder when q(g) is divided by c.
14
Let z(s) = -s**3 - 6*s**2 + 8. Let u(h) = 7*h**2 - 2*h - 2. What is the remainder when u(-2) is divided by z(-6)?
6
Suppose -4*g = -0 - 48. Suppose -m + 13 + 21 = 0. Calculate the remainder when m is divided by g.
10
Let x(h) be the first derivative of h**3 + h**2 - 3*h - 1. Suppose 8*n = 4*n + 212. Calculate the remainder when n is divided by x(-3).
17
Calculate the remainder when (-1)/4*-4*18 is divided by 10.
8
Let j = -2 - -22. Calculate the remainder when 78 is divided by j.
18
Suppose -5*t = -4*x - 23, 0*x = -2*t - 4*x - 2. Suppose 2*m = -t*m + 50. What is the remainder when 37 is divided by m?
7
Suppose 22 = r + 4*w, -r + 3*w = -4 + 17. Suppose -68 = r*j - 3*j. Calculate the remaind